{"id":95,"date":"2018-10-24T12:33:49","date_gmt":"2018-10-24T10:33:49","guid":{"rendered":"https:\/\/www.heimatfreundeweibern.de\/wordpress\/?page_id=95"},"modified":"2018-10-24T13:56:19","modified_gmt":"2018-10-24T11:56:19","slug":"impressum","status":"publish","type":"page","link":"https:\/\/www.heimatfreundeweibern.de\/wordpress\/impressum\/","title":{"rendered":"Impressum"},"content":{"rendered":"<h6>Impressum<\/h6>\n<p>Diese Webseite wird ehrenamtlich von den Heimatfreunden Weibern betreut und gepflegt.<br \/>\nHinweise auf eventuelle Fehler, fehlende Informationen und Vorschl\u00e4ge zur Erweiterung des Informationsangebotes teilen Sie bitte mit:<\/p>\n<p><a class=\"cm_anchor\" href=\"mailto:hommersberger60%40t-online.de?subject=\">Webmaster<\/a>:<\/p>\n<p>Bernhard Klapperich<\/p>\n<p>Hommersbergstr. 60<\/p>\n<p>56745 Weibern<\/p>\n<p>Tel. 02655 3169<\/p>\n<div><\/div>\n<p>Trotz sorgf\u00e4ltiger inhaltlicher Kontrolle \u00fcbernehmen wir keine Haftung f\u00fcr die Inhalte externer Links. F\u00fcr den Inhalt der verlinkten Seiten sind ausschlie\u00dflich deren Betreiber verantwortlich.<br \/>\nDie Heimatfreunde Weibern sind bem\u00fcht, ihr Webangebot stets aktuell und inhaltlich richtig sowie vollst\u00e4ndig anzubieten. Dennoch ist das Auftreten von Fehlern nicht v\u00f6llig auszuschlie\u00dfen.<br \/>\nDie Heimatfreunde Weibern \u00fcbernehmen keine Haftung f\u00fcr die Aktualit\u00e4t, die inhaltliche Richtigkeit sowie f\u00fcr die Vollst\u00e4ndigkeit der in ihrem Webangebot eingestellten Informationen, es sei denn, die Fehler wurden vors\u00e4tzlich oder grob fahrl\u00e4ssig aufgenommen. Dies bezieht sich auf eventuelle Sch\u00e4den materieller oder ideeller Art Dritter, die durch die Nutzung dieses Webangebotes verursacht wurden.<\/p>\n<p><strong>Abmahnungen:<\/strong><br \/>\nDie Heimatfreunde Weibern betreiben diese Seite aus einem reinen privaten Interesse und nicht, um irgendeiner nat\u00fcrlichen oder juristischen Person Schaden zuzuf\u00fcgen. Aus diesem Grund ist eine sofortige Abmahnung, die sich auf irgendeinen Be- standteil dieser Seite bezieht, vollkommen unn\u00f6tig. Wir sind jederzeit zu Gespr\u00e4chen bereit und bei einem unbeabsichtigten und unwissentlichen Regelversto\u00df unsererseits werden wir diesen Missstand unverz\u00fcglich\u00a0 abstellen.<\/p>\n<p><strong>Haftungsausschluss:<br \/>\n1. Inhalt des Online-Angebots\u00a0<\/strong><\/p>\n<p>Die Heimatfreunde Weibern \u00fcbernehmen keinerlei Gew\u00e4hr f\u00fcr die Aktualit\u00e4t, Korrektheit, Vollst\u00e4ndigkeit oder Qualit\u00e4t der \u00a0\u00a0 bereitgestellten Informationen.\u00a0Haftungsanspr\u00fcche gegen die Heimatfreunde welche sich auf Sch\u00e4den\u00a0 materieller oder\u00a0 ideeller Art beziehen, die durch die Nutzung oder Nichtnutzung\u00a0 der dargebotenen\u00a0Informationen bzw. durch die Nutzung fehlerhafter und unvollst\u00e4ndiger Informationen verursacht wurden sind grunds\u00e4tzlich ausgeschlossen, sofern seitens der Heimatfreunde kein nachweislich vors\u00e4tzliches oder\u00a0 grob fahrl\u00e4ssiges Verschulden vorliegt. Alle Angebote sind freibleibend und unverbindlich. Die Heimatfreunder behalten es sich ausdr\u00fccklich vor, Teile der Seiten oder\u00a0 das gesamte Angebot ohne gesonderte Ank\u00fcndigung zu\u00a0 ver\u00e4ndern, zu erg\u00e4nzen, zu\u00a0 l\u00f6schen oder die Ver\u00f6ffentlichung\u00a0 zeitweise oder endg\u00fcltig einzustellen.<\/p>\n<p>&nbsp;<\/p>\n<p><strong>2. Verweise und Links<\/strong><\/p>\n<p>Bei direkten oder indirekten Verweisen\u00a0 auf fremde\u00a0Internetseiten\u00a0 (&#8222;Links&#8220;), die au\u00dferhalb des Verantwortungsbereiches\u00a0 des Autors\u00a0liegen, w\u00fcrde eine Haftungsverpflichtung ausschlie\u00dflich in dem Fall in Kraft\u00a0treten, in dem der Autor von den Inhalten Kenntnis hat und es ihm technisch\u00a0m\u00f6glich und zumutbar w\u00e4re, die Nutzung im Falle rechtswidriger Inhalte zu verhindern. Der Autor erkl\u00e4rt daher ausdr\u00fccklich, dass zum Zeitpunkt der\u00a0Linksetzung die entsprechenden verlinkten\u00a0\u00a0 Seiten frei von illegalen\u00a0 Inhalten\u00a0 waren. Der Autor hat keinerlei Einfluss auf die aktuelle und\u00a0 zuk\u00fcnftige\u00a0Gestaltung\u00a0 und auf die Inhalte der gelinkten\/verkn\u00fcpften Seiten. Deshalb distanziert er sich hiermit ausdr\u00fccklich von allen Inhalten aller ge- linkten\/verkn\u00fcpften Seiten, die nach der Linksetzung ver\u00e4ndert wurden. Diese Feststellung gilt f\u00fcr alle innerhalb des eigenen Internetangebotes\u00a0 gesetzten\u00a0Links und Verweise . F\u00fcr illegale, fehlerhafte oder unvollst\u00e4ndige Inhalte und insbesondere f\u00fcr Sch\u00e4den, die aus der Nutzung oder\u00a0Nichtnutzung solcherart dargebotener Informationen entstehen, haftet allein der\u00a0 Anbieter der\u00a0 Seite, auf welche verwiesen wurde, nicht derjenige, der \u00fcber Links auf die\u00a0 jeweilige Ver\u00f6ffentlichung lediglich verweist<\/p>\n<p>&nbsp;<\/p>\n<p><strong>3. Urheber- und\u00a0 Kennzeichenrecht\u00a0<\/strong><\/p>\n<p>Der Autor ist bestrebt, in allen Publikationen die Urheberrechte der verwendeten Grafiken,\u00a0 Tondokumente, Videosequenzen und Texte zu beachten, von ihm selbst erstellte Grafiken, Tondokumente, Videosequenzen und Texte zu nutzen oder\u00a0 auf\u00a0lizenzfreie Grafiken, Tondokumente, Videosequenzen und Texte zur\u00fcckzugreifen. Alle innerhalb des Internetangebotes genannten und\u00a0 ggf. durch Dritte gesch\u00fctzten\u00a0 Marken- und Warenzeichen unterliegen uneingeschr\u00e4nkt den Bestimmungen des jeweils g\u00fcltigen Kennzeichenrechts und den Besitzrechten der jeweiligen\u00a0 eingetragenen Eigent\u00fcmer. Allein aufgrund der\u00a0 blo\u00dfen Nennung ist nicht der Schluss zu ziehen, dass Markenzeichen nicht durch\u00a0 Rechte Dritter gesch\u00fctzt sind! Das Copyright f\u00fcr ver\u00f6ffentlichte, vom Autor\u00a0 selbst erstellte Objekte bleibt allein beim Autor der Seiten. Eine Vervielf\u00e4ltigung oder Verwendung solcher\u00a0Grafiken, Tondokumente, Videosequenzen und Texte in anderen elektronischen oder\u00a0 gedruckten Publikationen ist ohne ausdr\u00fcckliche Zustimmung des Autors nicht gestattet.<\/p>\n<p>&nbsp;<\/p>\n<p><strong>4. Datenschutz<\/strong><\/p>\n<p>Sofern innerhalb des Internetangebotes die M\u00f6glichkeit zur Eingabe pers\u00f6nlicher oder gesch\u00e4ftlicher Daten (Emailadressen, Namen, Anschriften) besteht, so erfolgt die Preisgabe dieser Daten seitens des Nutzers\u00a0 auf ausdr\u00fccklich freiwilliger Basis. Die Inanspruchnahme aller angebotenen\u00a0 Dienste\u00a0 ist &#8211; soweit technisch m\u00f6glich und zumutbar &#8211; auch ohne Angabe solcher\u00a0 Daten\u00a0 bzw. unter Angabe anonymisierter Daten oder eines Pseudonyms gestattet.<\/p>\n<p>&nbsp;<\/p>\n<p><strong>5. Rechtswirksamkeit dieses Haftungsausschlusses<\/strong><\/p>\n<p>Dieser Haftungsausschluss ist als Teil des Internetangebotes zu betrachten, von dem\u00a0 aus auf diese Seite verwiesen wurde. Sofern Teile oder einzelne Formulierungen dieses Textes der geltenden Rechtslage nicht, nicht mehr \u00a0 oder\u00a0 nicht vollst\u00e4ndig\u00a0 entsprechen sollten, bleiben die \u00fcbrigen Teile des Dokumentes\u00a0 in ihrem Inhalt\u00a0 und ihrer G\u00fcltigkeit davon unber\u00fchrt.<\/p>\n","protected":false},"excerpt":{"rendered":"<p>Impressum Diese Webseite wird ehrenamtlich von den Heimatfreunden Weibern betreut und gepflegt. Hinweise auf eventuelle Fehler, fehlende Informationen und Vorschl\u00e4ge zur Erweiterung des Informationsangebotes teilen Sie bitte mit: Webmaster: Bernhard Klapperich Hommersbergstr. 60 56745 Weibern Tel. 02655 3169 Trotz sorgf\u00e4ltiger inhaltlicher Kontrolle \u00fcbernehmen wir keine Haftung f\u00fcr die Inhalte externer Links. F\u00fcr den Inhalt der verlinkten Seiten sind ausschlie\u00dflich deren<\/p>\n","protected":false},"author":1,"featured_media":0,"parent":0,"menu_order":0,"comment_status":"closed","ping_status":"closed","template":"","meta":{"_crdt_document":"","ngg_post_thumbnail":0,"pgc_sgb_lightbox_settings":"","footnotes":""},"class_list":["post-95","page","type-page","status-publish","hentry"],"publishpress_future_action":{"enabled":false,"date":"2026-04-25 14:50:05","action":"change-status","newStatus":"draft","terms":[],"taxonomy":"","extraData":[]},"publishpress_future_workflow_manual_trigger":{"enabledWorkflows":[]},"_links":{"self":[{"href":"https:\/\/www.heimatfreundeweibern.de\/wordpress\/wp-json\/wp\/v2\/pages\/95","targetHints":{"allow":["GET"]}}],"collection":[{"href":"https:\/\/www.heimatfreundeweibern.de\/wordpress\/wp-json\/wp\/v2\/pages"}],"about":[{"href":"https:\/\/www.heimatfreundeweibern.de\/wordpress\/wp-json\/wp\/v2\/types\/page"}],"author":[{"embeddable":true,"href":"https:\/\/www.heimatfreundeweibern.de\/wordpress\/wp-json\/wp\/v2\/users\/1"}],"replies":[{"embeddable":true,"href":"https:\/\/www.heimatfreundeweibern.de\/wordpress\/wp-json\/wp\/v2\/comments?post=95"}],"version-history":[{"count":2,"href":"https:\/\/www.heimatfreundeweibern.de\/wordpress\/wp-json\/wp\/v2\/pages\/95\/revisions"}],"predecessor-version":[{"id":175,"href":"https:\/\/www.heimatfreundeweibern.de\/wordpress\/wp-json\/wp\/v2\/pages\/95\/revisions\/175"}],"wp:attachment":[{"href":"https:\/\/www.heimatfreundeweibern.de\/wordpress\/wp-json\/wp\/v2\/media?parent=95"}],"curies":[{"name":"wp","href":"https:\/\/api.w.org\/{rel}","templated":true}]}}